s of 1701247.
53, 32099
What are the prime factors of 257661?
3, 3181
List the prime factors of 26057099.
41, 599, 1061
What are the prime factors of 22063405?
5, 7, 13, 48491
List the prime factors of 8022280.
2, 5, 7, 4093
List the prime factors of 788142.
2, 3, 131357
What are the prime factors of 63307?
29, 37, 59
List the prime factors of 295794.
2, 3, 16433
What are the prime factors of 426868?
2, 13, 8209
What are the prime factors of 1036603?
41, 131, 193
List the prime factors of 306105.
3, 5, 20407
List the prime factors of 197653.
239, 827
What are the prime factors of 333350?
2, 5, 59, 113
List the prime factors of 913473.
3, 11, 9227
What are the prime factors of 53663?
103, 521
What are the prime factors of 7770192?
2, 3, 161879
What are the prime factors of 4131883?
7, 590269
List the prime factors of 236186.
2, 118093
What are the prime factors of 9154683?
3, 227, 4481
List the prime factors of 224591.
224591
What are the prime factors of 7718295?
3, 5, 13, 39581
List the prime factors of 1391424.
2, 3, 7247
What are the prime factors of 141734?
2, 70867
List the prime factors of 169775.
5, 6791
What are the prime factors of 535715?
5, 307, 349
What are the prime factors of 38503?
139, 277
List the prime factors of 3253456.
2, 203341
List the prime factors of 6452753.
6452753
List the prime factors of 29884510.
2, 5, 61, 48991
What are the prime factors of 405976?
2, 31, 1637
What are the prime factors of 608358?
2, 3, 41, 2473
What are the prime factors of 121552?
2, 71, 107
What are the prime factors of 1843871?
17, 108463
List the prime factors of 894319.
17, 31, 1697
What are the prime factors of 1802180?
2, 5, 251, 359
What are the prime factors of 3724527?
3, 1241509
What are the prime factors of 1417910?
2, 5, 13, 839
What are the prime factors of 12061538?
2, 6030769
List the prime factors of 1160242.
2, 47, 12343
What are the prime factors of 200268?
2, 3, 5563
List the prime factors of 73878.
2, 3, 7, 1759
List the prime factors of 6902662.
2, 13, 19, 89, 157
List the prime factors of 6770821.
19, 433, 823
What are the prime factors of 10372609?
13, 23, 113, 307
What are the prime factors of 77274?
2, 3, 53
List the prime factors of 71031.
3, 23677
List the prime factors of 3143170.
2, 5, 19, 71, 233
List the prime factors of 5860762.
2, 2930381
List the prime factors of 1862414.
2, 89, 10463
What are the prime factors of 1372061?
107, 12823
List the prime factors of 5146268.
2, 137, 9391
What are the prime factors of 196689?
3, 65563
What are the prime factors of 3186612?
2, 3, 11, 13, 619
What are the prime factors of 72333?
3, 19, 47
List the prime factors of 309700.
2, 5, 19, 163
List the prime factors of 342473.
41, 8353
What are the prime factors of 356993?
7, 13, 3923
List the prime factors of 4081062.
2, 3, 680177
What are the prime factors of 1533456?
2, 3, 23, 463
What are the prime factors of 24238828?
2, 6059707
What are the prime factors of 4765923?
3, 529547
List the prime factors of 801908.
2, 29, 31, 223
List the prime factors of 353249.
13, 29, 937
What are the prime factors of 24537645?
3, 5, 11, 19, 2609
What are the prime factors of 5008435?
5, 1001687
What are the prime factors of 9924673?
11, 683, 1321
List the prime factors of 62279.
7, 31, 41
List the prime factors of 183910.
2, 5, 53, 347
What are the prime factors of 98192?
2, 17, 19
List the prime factors of 45995.
5, 9199
What are the prime factors of 3758973?
3, 1252991
What are the prime factors of 1132125?
3, 5, 3019
List the prime factors of 224571.
3, 74857
List the prime factors of 106286.
2, 19, 2797
What are the prime factors of 350175?
3, 5, 7, 23, 29
List the prime factors of 893363.
893363
What are the prime factors of 374530?
2, 5, 13, 43, 67
What are the prime factors of 700702?
2, 350351
What are the prime factors of 28695475?
5, 1147819
List the prime factors of 1380634.
2, 41, 113, 149
What are the prime factors of 523285?
5, 7, 14951
What are the prime factors of 611656?
2, 101, 757
What are the prime factors of 2381794?
2, 1190897
What are the prime factors of 104698?
2, 11, 4759
List the prime factors of 1064764.
2, 29, 67, 137
List the prime factors of 7465077.
3, 829453
What are the prime factors of 115175?
5, 17, 271
List the prime factors of 746310.
2, 3, 5, 24877
List the prime factors of 1066600.
2, 5, 5333
What are the prime factors of 638992?
2, 39937
List the prime factors of 99263.
17, 5839
What are the prime factors of 534920?
2, 5, 43, 311
What are the prime factors of 121196?
2, 41, 739
What are the prime factors of 182634?
2, 3, 61, 499
List the prime factors of 5154711.
3, 31, 43, 1289
What are the prime factors of 14841498?
2, 3, 7, 31, 11399
List the prime factors of 2138978.
2, 101, 10589
What are the prime factors of 3129822?
2, 3, 31, 71, 79
What are the prime factors of 490435?
5, 11, 37, 241
List the prime factors of 4063931.
4063931
What are the prime factors of 341811?
3, 163, 233
List the prime factors of 3546041.
3546041
What are the prime factors of 26699?
26699
What are the prime factors of 353019?
3, 117673
What are the prime factors of 23282171?
11, 2116561
What are the prime factors of 5094668?
2, 641, 1987
What are the prime factors of 161950?
2, 5, 41, 79
List the prime factors of 12636463.
7, 19, 277
List the prime factors of 767770.
2, 5, 76777
List the prime factors of 395439.
3, 11, 23, 521
List the prime factors of 390263.
390263
What are the prime factors of 2447799?
3, 815933
List the prime factors of 8216060.
2, 5, 23, 53, 337
What are the prime factors of 258935?
5, 51787
List the prime factors of 1416908.
2, 61, 5807
List the prime factors of 382311.
3, 107, 397
What are the prime factors of 2691798?
2, 3, 448633
What are the prime factors of 972202?
2, 7, 11, 59, 107
List the prime factors of 11562018.
2, 3, 13, 227, 653
List the prime factors of 3333765.
3, 5, 109, 2039
List the prime factors of 349431.
3, 269, 433
What are the prime factors of 18739398?
2, 3, 3123233
What are the prime factors of 6274907?
1307, 4801
What are the prime factors of 129188?
2, 32297
What are the prime factors of 14962616?
2, 1870327
List the prime factors of 137146.
2, 47, 1459
What are the prime factors of 397445?
5, 29, 2741
List the prime factors of 276151.
276151
What are the prime factors of 122023?
11, 11093
List the prime factors of 302087.
269, 1123
List the prime factors of 1525824.
2, 3, 883
List the prime factors of 1112401.
67, 16603
List the prime factors of 22496093.
23, 978091
What are the prime factors of 972936?
2, 3, 13513
List the prime factors of 8793677.
31, 331, 857
What are the prime factors of 2744112?
2, 3, 7, 8167
List the prime factors of 673214.
2, 409, 823
What are the prime factors of 346527?
3, 139, 277
List the prime factors of 2552403.
3, 7, 19, 6397
List the prime factors of 7605372.
2, 3, 633781
List the prime factors of 880745.
5, 19, 73, 127
List the prime factors of 135509.
11, 97, 127
List the prime factors of 4735887.
3, 13, 9341
List the prime factors of 4142363.
4142363
List the prime factors of 2298884.
2, 7, 37, 317
What are the prime factors of 1548968?
2, 37, 5233
List the prime factors of 1199599.
83, 97, 149
List the prime factors of 1211256.
2, 3, 16823
What are the prime factors of 988337?
7, 271, 521
List the prime factors of 1419601.
509, 2789
What are the prime factors of 59255?
5, 7, 1693
List the prime factors of 4769014.
2, 83, 28729
List the prime factors of 1090189.
1090189
List the prime factors of 1000257.
3, 333419
What are the prime factors of 22765486?
2, 11382743
What are the prime factors of 11692845?
3, 5, 259841
List the prime factors of 154637.
7, 22091
List the prime factors of 1443611.
13, 293, 379
List the prime factors of 96897.
3, 32299
List the prime factors of 1521079.
7, 29, 59, 127
List the prime factors of 3583577.
43, 83339
What are the prime factors of 153539?
19, 8081
What are the prime factors of 160270?
2, 5, 11, 31, 47
List the prime factors of 820967.
7, 117281
List the prime factors of 693428.
2, 173357
List the prime factors of 2783148.
2, 3, 59, 3931
List the prime factors of 7448617.
11, 677147
List the prime factors of 555698.
2, 11, 13, 29, 67
What are the prime factors of 682813?
661, 1033
List the pri